{"id":130,"date":"2016-12-21T17:31:50","date_gmt":"2016-12-21T16:31:50","guid":{"rendered":"http:\/\/www.eldoradonachod.info\/str\/login\/"},"modified":"2016-12-21T17:31:50","modified_gmt":"2016-12-21T16:31:50","slug":"login","status":"publish","type":"page","link":"https:\/\/www.eldoradonachod.info\/str\/login\/","title":{"rendered":"P\u0159ihl\u00e1sit se"},"content":{"rendered":"<div class=\"tml tml-login\">\n<div class=\"tml-alerts\"><\/div><form name=\"login\" action=\"https:\/\/www.eldoradonachod.info\/str\/login\/\" method=\"post\">\n<div class=\"tml-field-wrap tml-log-wrap\">\n<label class=\"tml-label\" for=\"user_login\">U\u017eivatelsk\u00e9 jm\u00e9no nebo e-mail<\/label>\n<input name=\"log\" type=\"text\" value=\"\" id=\"user_login\" autocapitalize=\"off\" class=\"tml-field\">\n<\/div>\n\n<div class=\"tml-field-wrap tml-pwd-wrap\">\n<label class=\"tml-label\" for=\"user_pass\">Heslo<\/label>\n<input name=\"pwd\" type=\"password\" value=\"\" id=\"user_pass\" class=\"tml-field\">\n<\/div>\n\n\n<div class=\"tml-field-wrap tml-rememberme-wrap\">\n<input name=\"rememberme\" type=\"checkbox\" value=\"forever\" id=\"rememberme\" class=\"tml-checkbox\">\n<label class=\"tml-label\" for=\"rememberme\">Pamatovat si m\u011b<\/label>\n<\/div>\n\n<div class=\"tml-field-wrap tml-submit-wrap\">\n<button name=\"submit\" type=\"submit\" class=\"tml-button\">P\u0159ihl\u00e1sit se<\/button>\n<\/div>\n\n<input name=\"redirect_to\" type=\"hidden\" value=\"https:\/\/www.eldoradonachod.info\/str\/wp-admin\/\">\n\n<\/form>\n<ul class=\"tml-links\"><li class=\"tml-lostpassword-link\"><a href=\"https:\/\/www.eldoradonachod.info\/str\/lostpassword\/\">Zapomn\u011bli jste heslo?<\/a><\/li><\/ul><\/div>\n\n","protected":false},"excerpt":{"rendered":"","protected":false},"author":1,"featured_media":0,"parent":0,"menu_order":0,"comment_status":"closed","ping_status":"closed","template":"","meta":{"ngg_post_thumbnail":0,"footnotes":""},"class_list":["post-130","page","type-page","status-publish","hentry"],"yoast_head":"<!-- This site is optimized with the Yoast SEO plugin v27.2 - https:\/\/yoast.com\/product\/yoast-seo-wordpress\/ -->\n<title>P\u0159ihl\u00e1sit se - Eldor\u00e1do, st\u0159edisko N\u00e1chod<\/title>\n<meta name=\"robots\" content=\"index, follow, max-snippet:-1, max-image-preview:large, max-video-preview:-1\" \/>\n<link rel=\"canonical\" href=\"https:\/\/www.eldoradonachod.info\/str\/login\/\" \/>\n<meta property=\"og:locale\" content=\"cs_CZ\" \/>\n<meta property=\"og:type\" content=\"article\" \/>\n<meta property=\"og:title\" content=\"P\u0159ihl\u00e1sit se - Eldor\u00e1do, st\u0159edisko N\u00e1chod\" \/>\n<meta property=\"og:url\" content=\"https:\/\/www.eldoradonachod.info\/str\/login\/\" \/>\n<meta property=\"og:site_name\" content=\"Eldor\u00e1do, st\u0159edisko N\u00e1chod\" \/>\n<meta property=\"article:publisher\" content=\"https:\/\/www.facebook.com\/EldoNachod\" \/>\n<meta property=\"og:image\" content=\"https:\/\/www.eldoradonachod.info\/str\/wp-content\/uploads\/2016\/12\/logo.png\" \/>\n\t<meta property=\"og:image:width\" content=\"205\" \/>\n\t<meta property=\"og:image:height\" content=\"205\" \/>\n\t<meta property=\"og:image:type\" content=\"image\/png\" \/>\n<meta name=\"twitter:card\" content=\"summary_large_image\" \/>\n<script type=\"application\/ld+json\" class=\"yoast-schema-graph\">{\"@context\":\"https:\/\/schema.org\",\"@graph\":[{\"@type\":\"WebPage\",\"@id\":\"https:\/\/www.eldoradonachod.info\/str\/login\/\",\"url\":\"https:\/\/www.eldoradonachod.info\/str\/login\/\",\"name\":\"P\u0159ihl\u00e1sit se - Eldor\u00e1do, st\u0159edisko N\u00e1chod\",\"isPartOf\":{\"@id\":\"https:\/\/www.eldoradonachod.info\/str\/#website\"},\"datePublished\":\"2016-12-21T16:31:50+00:00\",\"breadcrumb\":{\"@id\":\"https:\/\/www.eldoradonachod.info\/str\/login\/#breadcrumb\"},\"inLanguage\":\"cs\",\"potentialAction\":[{\"@type\":\"ReadAction\",\"target\":[\"https:\/\/www.eldoradonachod.info\/str\/login\/\"]}]},{\"@type\":\"BreadcrumbList\",\"@id\":\"https:\/\/www.eldoradonachod.info\/str\/login\/#breadcrumb\",\"itemListElement\":[{\"@type\":\"ListItem\",\"position\":1,\"name\":\"Dom\u016f\",\"item\":\"https:\/\/www.eldoradonachod.info\/str\/\"},{\"@type\":\"ListItem\",\"position\":2,\"name\":\"P\u0159ihl\u00e1sit se\"}]},{\"@type\":\"WebSite\",\"@id\":\"https:\/\/www.eldoradonachod.info\/str\/#website\",\"url\":\"https:\/\/www.eldoradonachod.info\/str\/\",\"name\":\"Eldor\u00e1do, st\u0159edisko N\u00e1chod\",\"description\":\"\",\"publisher\":{\"@id\":\"https:\/\/www.eldoradonachod.info\/str\/#organization\"},\"potentialAction\":[{\"@type\":\"SearchAction\",\"target\":{\"@type\":\"EntryPoint\",\"urlTemplate\":\"https:\/\/www.eldoradonachod.info\/str\/?s={search_term_string}\"},\"query-input\":{\"@type\":\"PropertyValueSpecification\",\"valueRequired\":true,\"valueName\":\"search_term_string\"}}],\"inLanguage\":\"cs\"},{\"@type\":\"Organization\",\"@id\":\"https:\/\/www.eldoradonachod.info\/str\/#organization\",\"name\":\"Eldor\u00e1do, st\u0159edisko N\u00e1chod\",\"url\":\"https:\/\/www.eldoradonachod.info\/str\/\",\"logo\":{\"@type\":\"ImageObject\",\"inLanguage\":\"cs\",\"@id\":\"https:\/\/www.eldoradonachod.info\/str\/#\/schema\/logo\/image\/\",\"url\":\"https:\/\/www.eldoradonachod.info\/str\/wp-content\/uploads\/2016\/12\/logo.png\",\"contentUrl\":\"https:\/\/www.eldoradonachod.info\/str\/wp-content\/uploads\/2016\/12\/logo.png\",\"width\":205,\"height\":205,\"caption\":\"Eldor\u00e1do, st\u0159edisko N\u00e1chod\"},\"image\":{\"@id\":\"https:\/\/www.eldoradonachod.info\/str\/#\/schema\/logo\/image\/\"},\"sameAs\":[\"https:\/\/www.facebook.com\/EldoNachod\"]}]}<\/script>\n<!-- \/ Yoast SEO plugin. -->","yoast_head_json":{"title":"P\u0159ihl\u00e1sit se - Eldor\u00e1do, st\u0159edisko N\u00e1chod","robots":{"index":"index","follow":"follow","max-snippet":"max-snippet:-1","max-image-preview":"max-image-preview:large","max-video-preview":"max-video-preview:-1"},"canonical":"https:\/\/www.eldoradonachod.info\/str\/login\/","og_locale":"cs_CZ","og_type":"article","og_title":"P\u0159ihl\u00e1sit se - Eldor\u00e1do, st\u0159edisko N\u00e1chod","og_url":"https:\/\/www.eldoradonachod.info\/str\/login\/","og_site_name":"Eldor\u00e1do, st\u0159edisko N\u00e1chod","article_publisher":"https:\/\/www.facebook.com\/EldoNachod","og_image":[{"width":205,"height":205,"url":"https:\/\/www.eldoradonachod.info\/str\/wp-content\/uploads\/2016\/12\/logo.png","type":"image\/png"}],"twitter_card":"summary_large_image","schema":{"@context":"https:\/\/schema.org","@graph":[{"@type":"WebPage","@id":"https:\/\/www.eldoradonachod.info\/str\/login\/","url":"https:\/\/www.eldoradonachod.info\/str\/login\/","name":"P\u0159ihl\u00e1sit se - Eldor\u00e1do, st\u0159edisko N\u00e1chod","isPartOf":{"@id":"https:\/\/www.eldoradonachod.info\/str\/#website"},"datePublished":"2016-12-21T16:31:50+00:00","breadcrumb":{"@id":"https:\/\/www.eldoradonachod.info\/str\/login\/#breadcrumb"},"inLanguage":"cs","potentialAction":[{"@type":"ReadAction","target":["https:\/\/www.eldoradonachod.info\/str\/login\/"]}]},{"@type":"BreadcrumbList","@id":"https:\/\/www.eldoradonachod.info\/str\/login\/#breadcrumb","itemListElement":[{"@type":"ListItem","position":1,"name":"Dom\u016f","item":"https:\/\/www.eldoradonachod.info\/str\/"},{"@type":"ListItem","position":2,"name":"P\u0159ihl\u00e1sit se"}]},{"@type":"WebSite","@id":"https:\/\/www.eldoradonachod.info\/str\/#website","url":"https:\/\/www.eldoradonachod.info\/str\/","name":"Eldor\u00e1do, st\u0159edisko N\u00e1chod","description":"","publisher":{"@id":"https:\/\/www.eldoradonachod.info\/str\/#organization"},"potentialAction":[{"@type":"SearchAction","target":{"@type":"EntryPoint","urlTemplate":"https:\/\/www.eldoradonachod.info\/str\/?s={search_term_string}"},"query-input":{"@type":"PropertyValueSpecification","valueRequired":true,"valueName":"search_term_string"}}],"inLanguage":"cs"},{"@type":"Organization","@id":"https:\/\/www.eldoradonachod.info\/str\/#organization","name":"Eldor\u00e1do, st\u0159edisko N\u00e1chod","url":"https:\/\/www.eldoradonachod.info\/str\/","logo":{"@type":"ImageObject","inLanguage":"cs","@id":"https:\/\/www.eldoradonachod.info\/str\/#\/schema\/logo\/image\/","url":"https:\/\/www.eldoradonachod.info\/str\/wp-content\/uploads\/2016\/12\/logo.png","contentUrl":"https:\/\/www.eldoradonachod.info\/str\/wp-content\/uploads\/2016\/12\/logo.png","width":205,"height":205,"caption":"Eldor\u00e1do, st\u0159edisko N\u00e1chod"},"image":{"@id":"https:\/\/www.eldoradonachod.info\/str\/#\/schema\/logo\/image\/"},"sameAs":["https:\/\/www.facebook.com\/EldoNachod"]}]}},"_links":{"self":[{"href":"https:\/\/www.eldoradonachod.info\/str\/wp-json\/wp\/v2\/pages\/130","targetHints":{"allow":["GET"]}}],"collection":[{"href":"https:\/\/www.eldoradonachod.info\/str\/wp-json\/wp\/v2\/pages"}],"about":[{"href":"https:\/\/www.eldoradonachod.info\/str\/wp-json\/wp\/v2\/types\/page"}],"author":[{"embeddable":true,"href":"https:\/\/www.eldoradonachod.info\/str\/wp-json\/wp\/v2\/users\/1"}],"replies":[{"embeddable":true,"href":"https:\/\/www.eldoradonachod.info\/str\/wp-json\/wp\/v2\/comments?post=130"}],"version-history":[{"count":0,"href":"https:\/\/www.eldoradonachod.info\/str\/wp-json\/wp\/v2\/pages\/130\/revisions"}],"wp:attachment":[{"href":"https:\/\/www.eldoradonachod.info\/str\/wp-json\/wp\/v2\/media?parent=130"}],"curies":[{"name":"wp","href":"https:\/\/api.w.org\/{rel}","templated":true}]}}